actor of l and 4?
4
Let i be 9 + (-2 - -3) + 0. Suppose 0 = -2*t - 3*s - 5, i = t - 4*s - 4. Let w be 4 - (4 - 2)/t. What is the greatest common factor of w and 21?
3
Let t(o) = o**3 - o**2 - 4. Let v be t(0). Let s(c) = c**3 + 6*c**2 + 2*c. Let a be s(v). Let z = 167 - 107. Calculate the greatest common factor of a and z.
12
Suppose 0*o - 2*o - 2*g - 38 = 0, 62 = -4*o + 3*g. Let d = o + 33. What is the highest common divisor of 24 and d?
8
Let g(q) = q**3 - 4*q**2 + 8*q + 15. Let r be g(5). Calculate the highest common divisor of r and 16.
16
Let w be -1 + 22 + (-4)/2. Let h = 23 + -23. Suppose 3*f - 8 - w = h. What is the highest common divisor of f and 54?
9
Let v(y) = 67*y**2 - 1. Let x be v(-1). Let l = x - 11. Calculate the greatest common factor of l and 11.
11
Suppose -3*s = -3*n - 0*s + 12, -4*n - 4*s + 56 = 0. Let q = -18 + 117. What is the greatest common factor of q and n?
9
Let o(j) = -j**3 - j**2 + j - 112. Let w be o(0). Let d = -40 - w. Calculate the greatest common divisor of 18 and d.
18
Let v be (72/15)/4*-5. Let q be v/4*30/(-9). Suppose 37 = q*y - 3. What is the highest common factor of 24 and y?
8
Let q(k) = 2*k**2 - 8*k + 6. Suppose -z = -2*a - 0*a, -3*a - z = -10. Let c be a/2*5 + 1. Let n be q(c). What is the greatest common divisor of 10 and n?
10
Suppose -25 = 3*y - 2*y. Let n be (-120)/y*(-20)/(-6). Calculate the highest common divisor of n and 8.
8
Let i(a) = -a + 3. Let s(m) = -6*m + 15. Let z(r) = -21*i(r) + 4*s(r). Let o be z(-6). Let u be (66/8)/(1/20). Calculate the greatest common factor of o and u.
15
Suppose -5 = 3*y - 41. Let c be (18/y)/(1/(-200)). Let s be -2 - (c/(-2))/(-3). Calculate the highest common divisor of 8 and s.
8
Let n(z) = z**3 - 3*z**2 + 2*z - 4. Let c be n(3). Let m(b) = 6*b + 8. Let g be m(-6). Let h = -10 - g. Calculate the greatest common factor of c and h.
2
Suppose 7 + 2 = c. Let w = c - 5. What is the greatest common factor of 1 and w?
1
Suppose -x = 2*x - 9. Suppose -k = x*k - 28. Let u be (-2)/(-4) + (-12)/8 + 2. Calculate the highest common factor of u and k.
1
Let m(r) = 3*r. Let w be m(6). Let l = 374 - 230. What is the highest common divisor of l and w?
18
Let j(v) = -12*v - 30. Let i be j(-6). What is the highest common factor of 42 and i?
42
Let r(m) = 28*m - 4. Let g be r(1). Calculate the greatest common factor of g and 60.
12
Let o(x) = 7*x**2 + 0*x**2 + 1 - 3*x**2 + 2*x**2. Let u be o(1). Let w be (14/(-6))/((-2)/6). Calculate the highest common divisor of w and u.
7
Suppose -8 + 2 = p + 3*m, -4*p = -4*m - 24. Let q(z) = 2*z**2 - 5*z + 2. Let i be q(p). What is the highest common factor of 10 and i?
5
Let y be 61 - -3 - (-2 + 2). What is the highest common factor of 16 and y?
16
Suppose -9*x + 11*x = 52. What is the greatest common factor of x and 52?
26
Let s(h) = 2*h - 11. Let i be s(14). Suppose 2*q + 0*n = n + 175, 0 = 3*q + n - 250. Calculate the highest common divisor of q and i.
17
Let i(l) = 4*l**2 - 6*l - 5. Let o be i(-3). What is the highest common divisor of 14 and o?
7
Let m = 2 - -18. Let c = m - 0. Suppose -2*y - 4 = -12. What is the greatest common factor of c and y?
4
Suppose -p = -0*p - 3*t - 14, -14 = -3*p + 2*t. Suppose -2*w + 1 = 2*z - 5*w, z - 3*w + 1 = 0. Calculate the greatest common factor of z and p.
2
Suppose 0 = 4*u - 125 + 29. Calculate the greatest common factor of 3 and u.
3
Let g = -2 - -5. Suppose 3*q - 4*u = 1, 4*q = -5*u + g*u + 16. Let f(w) = w - 1. Let t be f(q). Calculate the highest common divisor of t and 16.
2
Suppose -183 = -3*m + 627. What is the greatest common factor of 30 and m?
30
Let v be (488/12)/((-4)/(-6)). Suppose 5*d = -1 + v. What is the highest common divisor of d and 48?
12
Let x be 6987/21 + (-12)/(-42). What is the greatest common factor of x and 37?
37
Let c be 0 + (-2 - 4)*-6. Let f = 17 + 7. Calculate the greatest common factor of c and f.
12
Let l(d) = 4*d + 3. Let k be l(-2). Let c(y) = -y**2 - 6*y + 7. Let u be c(k). What is the highest common factor of 108 and u?
12
Let i = 44 - 29. What is the greatest common divisor of 60 and i?
15
Let f = -7 + 29. Let r = 9 + -4. Suppose r*x - 79 = -24. Calculate the greatest common divisor of f and x.
11
Suppose i + 12 = 4*z, 0 = z - 4 - 1. Suppose 3*v = 7 + 5, 0 = -2*t - v + 180. Calculate the greatest common factor of i and t.
8
Suppose 0 = 4*c - 7*c + 24. Let z = 0 + 0. Suppose z*v + t + 86 = v, -c = -4*t. Calculate the highest common factor of v and 8.
8
Suppose -7*p + 3 = -4. Calculate the greatest common divisor of p and 5.
1
Let f be 1 - 2 - (-18 - -2). Let b = 109 - 4. Calculate the highest common divisor of f and b.
15
Let r(a) = -a**3 - 11*a**2 - a - 14. Let t be r(-11). Let b = t - -6. Calculate the highest common divisor of 3 and b.
3
Let z be (-6)/12*(-1 + -9). What is the highest common divisor of z and 5?
5
Let r(h) = 10*h + 6. Let z be r(5). Let p(y) = -4*y + 24. Let j be p(4). Calculate the highest common factor of z and j.
8
Let j(c) = -22*c. Let z be j(-4). Suppose 0*f - 4*f = -z. What is the highest common divisor of 33 and f?
11
Suppose -5*y - 2*h = 2*h - 28, -5*y + 3*h = -14. Calculate the greatest common factor of 1 and y.
1
Let u = 38 + -17. What is the highest common divisor of u and 3?
3
Suppose -5*s + 304 = 4*g, -3*s + 183 = -0*s + 3*g. Calculate the greatest common factor of 30 and s.
30
Let d(a) = -a**3 - 4*a**2 + 8*a + 6. Let v(l) = -l**3 - 4*l**2 + 2*l + 2. Let t be v(-4). Let x be d(t). Calculate the highest common divisor of x and 12.
6
Let w = -38 - -46. Calculate the greatest common factor of 96 and w.
8
Let k(o) = -16*o - 7. Let a = 13 - 18. Let b be k(a). Let d = b - 17. What is the greatest common divisor of 8 and d?
8
Let r(v) = v + 25. Let n be r(-18). What is the highest common factor of n and 91?
7
Let j = 837 + -549. What is the highest common divisor of 32 and j?
32
Let o = -21 - -34. Suppose 0 = -4*m + 101 + 315. Suppose h + 3*h - m = 0. Calculate the highest common divisor of h and o.
13
Let j(b) = 8*b**2 - 3*b - 2. Let a be j(3). Suppose 35 + 159 = 2*t. Let x = t - a. Calculate the highest common factor of 4 and x.
4
Let z = 36 + -12. Let o(v) = v**3 - v**2 + v - 1. Let b be o(0). Let a be 2 - 2 - -7 - b. What is the highest common divisor of a and z?
8
Let c(b) = -10*b - 1. Let y be c(-2). Let t = 1 + y. Suppose 4 + 20 = 3*j. What is the highest common divisor of j and t?
4
Suppose 0 = 5*p + p - 24. Calculate the greatest common divisor of 8 and p.
4
Suppose -5*w + 11 = -2*q, -4*q + 7 + 7 = 2*w. Suppose -4 = -w*t + 26. What is the greatest common factor of t and 80?
10
Let o(n) = 9*n + 6. Let d be o(6). Suppose 6*u + 5 = u. Let z be (-3)/((-9)/d) + u. What is the greatest common factor of z and 19?
19
Let i(f) = f**3 + 4*f**2 - 6*f - 1. Let p be i(-5). Suppose 5*g - 2 = p*g. What is the greatest common divisor of g and 4?
2
Suppose -s - 1 = -n, n = -3*s - n + 7. Suppose 10 = 4*a + 2, -4*y - 5*a = -42. What is the greatest common factor of y and s?
1
Let q = 5 - -1. Suppose -j + 3*o + 54 = 0, -3*j + 6*j - 2*o = 134. What is the greatest common factor of j and q?
6
Let n(c) = c**3 - 6*c**2 - 6*c. Let i be n(7). Calculate the highest common divisor of 56 and i.
7
Let d be (2 - 1)/(-5 + 4). Let q be 0 - (d + 33*-1). Let u = -17 + q. Calculate the highest common factor of u and 136.
17
Let m be 4*15/24*2. Let n be 10/(-3)*(-12)/m. What is the greatest common divisor of n and 32?
8
Let p = 103 - 90. Calculate the greatest common factor of p and 13.
13
Suppose 53*v = 49*v + 900. Let p be 50/(-4)*-2*1. Calculate the highest common divisor of p and v.
25
Let i(j) = 12 + j**2 - 3 + 10*j - 1. Let f be i(-9). Let o(r) = -153*r + 1. Let t be o(f). What is the greatest common factor of t and 14?
14
Suppose 4*y - 18 = y. Calculate the highest common divisor of y and 48.
6
Let d be (-592)/(-14) - 2/7. Suppose 0 = 10*y + 162 - 792. What is the highest common factor of y and d?
21
Suppose 35 = 4*z - 13. Calculate the highest common factor of z and 6.
6
Suppose 2*t + 4*k = -0*t - 14, 5*t - 2*k + 11 = 0. Let p be (4/3)/(-2)*t. Suppose -4*a + 44 = -p*a. What is the greatest common factor of a and 176?
22
Let x(m) = -4*m - 2. Let v be x(-2). Let z be (8/v)/(4/6). Let p = 7 + -1. Calculate the highest common divisor of z and p.
2
Let n(z) =